
Suppose -15 = -y - 4*j, 4*y + 0*j - 5 = -5*j. Let f(s) = s**2 + 2*s. Is f(y) a multiple of 15?
True
Suppose 4*s + 0 - 8 = 0. Suppose -n = 5*c - 18, s*c + 2*n = c + 9. Is c a multiple of 2?
False
Is (36/(-3))/4 + 58 a multiple of 22?
False
Let l = -6 + 15. Let h be ((-105)/l + -2)*3. Let j = -24 - h. Is j a multiple of 17?
True
Let a be (2/(-1))/(2/4). Let c(r) = -r**3 - r**2 + 4*r - 4. Is 11 a factor of c(a)?
False
Suppose -180 = -3*a + 3*d, 2*a = a - 4*d + 75. Suppose -3*m = 87 + 48. Let u = m + a. Does 9 divide u?
True
Let a be (-2)/5 + 148/20. Suppose a*m - 72 = 5*m. Is 12 a factor of m?
True
Suppose u - 16 = -4*r, -2*r + 12 = 5*u + r. Suppose u*g = -4*g + 24. Is g a multiple of 6?
True
Let h be ((-102)/9)/((-2)/(-3)). Let f = h - -24. Is f a multiple of 7?
True
Suppose 4*m + 3 = -2*z - 3, z + 7 = -4*m. Let b = -9 - m. Let u = b - -17. Does 6 divide u?
False
Suppose 0 = -4*w + 5*g + 26, w - 2 = -2*g + g. Let c(m) = 3*m**2 + 6*m - 1. Let n(q) = -10*q**2 - 18*q + 2. Let a(k) = 7*c(k) + 2*n(k). Does 17 divide a(w)?
False
Let y be ((-2)/2)/(3/21). Let o = y + 13. Let q(p) = -p**3 + 7*p**2 - 4*p + 8. Does 7 divide q(o)?
False
Suppose 2*v = 10 + 2. Let x = -4 + v. Suppose -5*c = x*t - 82, 3*c - 2*t + 5*t = 42. Does 9 divide c?
True
Let g(z) = 5*z + 9. Let i be g(-6). Let h be 5/(-7) + 6/i. Is 9 a factor of 18 - (h + 2)*0?
True
Suppose -5*x + 70 = o - 0*o, 2*o - 4*x = 140. Is 15 a factor of o?
False
Let l be (3 - 3)*(-1 - 0). Suppose 53 = 4*z + h + 2*h, 2*z - 3*h - 31 = l. Does 7 divide z?
True
Suppose 0 = 4*m + 2 + 62. Let c = -18 + m. Let z = 48 + c. Is 9 a factor of z?
False
Let h(k) = 5*k**3 + 2*k**2 - k - 2. Is h(2) a multiple of 13?
False
Let z(f) = -46*f - 1. Is 54 a factor of z(-6)?
False
Suppose 110 = -4*v - 3*w + 294, -3*w = -v + 46. Is v a multiple of 10?
False
Let t be ((-1)/(-2))/((-3)/(-384)). Suppose 3*d - t = 98. Is d a multiple of 27?
True
Suppose 3*t - 2*b - 64 = 0, -2*b - 59 = -2*t - 13. Suppose n - 5*f - t = 0, 4*f + 43 + 22 = 3*n. Is 7 a factor of n?
False
Does 23 divide 71 + 9/(-3) + 1?
True
Let v be (10 - 12)/((-2)/5). Is 3 a factor of (6/v)/((-6)/(-15))?
True
Suppose -235 = -5*v + 110. Is v a multiple of 22?
False
Suppose -w = 2*w + q - 7, 4*q + 20 = 0. Suppose 2*m = 3*o + w, -5*m + 9 + 1 = -o. Is 2 a factor of m?
True
Let z(i) = 2*i**2 - 7*i + 14. Is z(7) a multiple of 21?
True
Suppose 0 = 3*s - 53 - 19. Is 6 a factor of s?
True
Suppose g + 13 = 5*x + 4, -5*g + 2*x + 24 = 0. Let q = g + -3. Suppose -q*o - o + 32 = 0. Is 7 a factor of o?
False
Suppose 2*n - u - 3 = 4*u, u = -2*n + 21. Suppose -2*z + 5 = -z. Suppose 3*q = m - n + 4, -z = -5*q. Is m a multiple of 8?
True
Let y be 5/1 - (-2 - -2). Suppose -y*d + 26 = a, a = -4*d - 0*a + 21. Does 2 divide d?
False
Let z be (1*-1)/(18/(-450)). Suppose -u + 72 = 3*u. Let l = z - u. Does 7 divide l?
True
Let x(s) be the third derivative of -s**6/60 - s**5/20 + s**4/8 + 2*s**2. Is x(-3) a multiple of 18?
True
Let y = 9 - 10. Is 5 a factor of 1/2*28 - y?
True
Suppose 4*x - 8 = -5*f, 4*f + x + 1 = 3. Let c be (-1 - 0)*f - -3. Is (9/c + 1)*3 a multiple of 6?
True
Suppose 0 = -6*c + 10*c - 108. Does 5 divide c?
False
Let b(t) = t**2 - 8*t + 2. Let o(s) = -s**2 + 9*s - 3. Let l(g) = 3*b(g) + 2*o(g). Let c be l(5). Let a(f) = -3*f - 5. Is a(c) a multiple of 10?
True
Let s(h) = 8*h - 1. Suppose -j + 0*j = 4. Let d be s(j). Is 17 a factor of d/(-2) - (-3)/6?
True
Let f = 93 - 2. Let c = f - 56. Suppose 0 = 5*x - 150 + c. Is 13 a factor of x?
False
Let d(k) = k**2 + 2*k + 6. Is 14 a factor of d(-4)?
True
Suppose 0 = 4*n - 1 - 51. Does 2 divide n?
False
Let w be 10/(-6) + (-2)/(-3). Let h = -1 - w. Suppose -z + h*y - y + 7 = 0, 1 = -2*z + y. Is z even?
True
Let a(u) = u**2 + 2*u - 1. Is a(1) a multiple of 2?
True
Let t(j) = 2*j. Let b be t(1). Suppose -z + b = -1. Is -11*(-1 - 0/z) a multiple of 11?
True
Let k(t) = t**2 - 1. Let w(a) = 5*a**2 + 15. Let r(d) = -4*k(d) + w(d). Is 19 a factor of r(0)?
True
Let j(q) = 16*q**2 - 2*q + 1. Let f be j(2). Suppose -2*p - 5*z + 80 = 0, -5*p + z = -139 - f. Does 11 divide p?
False
Let q be 1/4 + (-55)/(-4). Suppose 5*z + 20 = 45. Suppose q = u + z. Does 5 divide u?
False
Does 2 divide (11/(-14) + (-4)/(-14))*-4?
True
Let i(u) be the first derivative of -35*u**2/2 + u + 4. Is i(-1) a multiple of 11?
False
Let m(p) = p**2 - 6*p + 1. Let s be m(6). Let d be 27/3*s*5. Suppose -4*n + 83 = 3*t, 5*t = -4*n + 2*n + d. Does 10 divide n?
True
Let o = -8 - -4. Let d = -19 - -6. Let x = o - d. Is 5 a factor of x?
False
Suppose -2*c - 2*c = -176. Is 12 a factor of (-2)/11 - (-1196)/c?
False
Let w = -12 + 17. Does 5 divide w?
True
Does 12 divide 2*12/(-8) - (-184 - 2)?
False
Let y(w) = 12*w**3 - w - 1. Let q be y(-1). Let m be (4 - 0)*q/(-16). Let s(i) = 2*i**3 - 4*i**2 + 3. Does 11 divide s(m)?
False
Let o(n) be the third derivative of n**8/6720 - n**7/420 + n**6/90 - n**5/30 + n**4/24 + 2*n**2. Let y(u) be the second derivative of o(u). Does 11 divide y(5)?
True
Suppose 0 = -3*x + s + 29, -6*s + s - 19 = -x. Suppose -3*t = -a + 2 + 13, -x = t + a. Let r = 10 + t. Does 3 divide r?
False
Let d be 12/(-6) - (-1 + -27). Is (d + 6)/(3 + -1) a multiple of 16?
True
Suppose 3*g = -0*g + 27. Let o(d) = d**2 - 5*d - 2. Let z be o(g). Suppose 0*w = w - z. Does 17 divide w?
True
Suppose -2*u = -4*u - 4. Is 26 a factor of -3 - (-55)/(3 + u)?
True
Let k be -3*((-8)/(-6) + -3). Let q = k + 2. Does 7 divide q?
True
Let y(m) = m**3 - 4*m**2 + 6. Let x = 13 - 4. Let t = -4 + x. Is y(t) a multiple of 13?
False
Suppose 0 = -6*t + 214 + 74. Does 6 divide t?
True
Let b = 123 + -118. Is 3 a factor of b?
False
Let t(i) = 28*i**3. Let a(y) = y**2 - 11*y + 11. Let c be a(10). Is t(c) a multiple of 12?
False
Suppose -2*o + 18 = 3*x, -x + 5*o + 0*o - 11 = 0. Let k(v) = -v**2 + 7*v - 6. Does 5 divide k(x)?
False
Suppose 2*v = -4*p + 400, -2*v - 307 = -3*p - 0*p. Suppose 19 = -4*h - p. Let q = -2 - h. Does 16 divide q?
False
Let x(y) = y + 20. Is 2 a factor of x(-14)?
True
Let k(l) = l**3 + l**2 + 30. Suppose -5*h = -3*h. Is k(h) a multiple of 12?
False
Suppose -3*j - 2*j = -25. Let a(t) = t**3 + 8*t**2 + 8*t + 10. Let p be a(-7). Suppose -5*l - 2*v = -0*l - 280, p*v = -j*l + 285. Is 20 a factor of l?
False
Suppose 4*t - 5*c - 35 = 0, -t + 0*t - 5*c - 10 = 0. Suppose -10 = -t*l + 80. Suppose 2*w + 2*r - l = 0, 2*w + 5*r = -w + 25. Does 10 divide w?
True
Let b = 9 + -5. Suppose -4*q + 5*v = -98, -b*v + 26 + 32 = 3*q. Suppose -11 = -0*z - 3*z + w, 2*w - q = -5*z. Is z even?
True
Let c(v) = v**3 - 10*v**2 - 10*v - 11. Let a be c(11). Is 16 a factor of (-93)/3*(-1 - a)?
False
Let o(h) be the first derivative of h**2/2 + 3*h + 2. Let v be o(4). Suppose -v*u = -3*u - 112. Does 12 divide u?
False
Suppose 12 + 44 = 2*x. Does 18 divide x?
False
Let q(b) = -9*b + 13. Does 16 divide q(-9)?
False
Let n = -13 + 17. Let j = n - -18. Is j a multiple of 11?
True
Let w = -1 + 3. Let n(x) = x**3 - 2*x**2 + 1. Let f be n(w). Does 5 divide (2 - f)*7 + -1?
False
Let l be (1/(-2))/(1/2). Let t(m) be the first derivative of -3*m**2/2 - 2. Does 2 divide t(l)?
False
Let g be (805/(-14))/(2/4). Is g/(-3) + 6/9 a multiple of 18?
False
Let a(i) = 12*i - 3. Does 9 divide a(3)?
False
Suppose 2*j - 45 = 235. Suppose 7*a - 2*a + j = 0. Is ((-36)/14)/(3/a) a multiple of 9?
False
Let b be (-1)/(2 + -1 - 0). Let c(q) = 19*q**3 + 2*q**2 + q. Let o be c(b). Let h = o - -33. Is 15 a factor of h?
True
Let w be (-41)/(-6) + (-7)/(-42). Let t(k) = 3*k + 1. Does 11 divide t(w)?
True
Let p(m) = -m**3 + m**2 - m + 33. Suppose 0 = -0*k - 2*k. Is p(k) a multiple of 11?
True
Suppose 2*s - 2*y - 2*y = -4, -2*s = 4*y - 20. Suppose 0 = -k + 1 + s, -3*l = -3*k + 9. Suppose -4*i + 36 = -l*i. Is i a multiple of 9?
True
Let o = -20 + 24. Does 4 divide o?
True
Suppose 0 = 2*n - n - 11. Suppose -5*i + n = -4. Suppose i = 3*c - 6. Is c a multiple of 3?
True
Let l(a) = -a + 21. Let t(o) = o**3 + 3*o - 3. Let i be t(2). Is l(i) a multiple of 3?
False
Let p(u) = u + 3*u - 3*u**2 + 4*u**2 + 2*u. Does 8 divide p(-8)?
True
Suppose -2*n - 2*b - 6 = -0, 3*n - 3*b - 21 = 0. Does 16 divide (37/n)/((-1)/(-2))?
False
Let i(r) = r**2 + 5*r - 3. Let n be i(-6). Suppose n = 5*o + 4*s - 5, -o = -5*s - 19. Suppose -80 = -5*z + 5*v, -4*z + o*v + 78 = z. Is 8 a 